{"id":28,"date":"2024-03-05T21:08:42","date_gmt":"2024-03-05T20:08:42","guid":{"rendered":"http:\/\/localhost\/wordpress\/?page_id=28"},"modified":"2024-03-05T21:08:42","modified_gmt":"2024-03-05T20:08:42","slug":"home","status":"publish","type":"page","link":"https:\/\/www.lygre.cz\/?page_id=28","title":{"rendered":"O n\u00e1s"},"content":{"rendered":"\n<p class=\"has-foreground-color has-text-color has-link-color has-medium-font-size wp-elements-f9db696ed1c8adda2cdadd6ed1f49290\"><strong>P\u0159es 30 let v \u010dele odv\u011btv\u00ed &#8211; Zku\u0161enost, na kterou se m\u016f\u017eete spolehnout<\/strong><\/p>\n\n\n\n<p>Firma LYGRE, spol. s r. o. byla zalo\u017eena v roce 1991. Po celou dobu sv\u00e9 \u010dinnosti se v\u011bnuje problematice televizn\u00edho a satelitn\u00edho p\u0159\u00edjmu na v\u0161ech \u00farovn\u00edch. Prov\u00e1d\u00edme instalace v rodinn\u00fdch i n\u00e1jemn\u00edch domech, v hotel\u00edch a r\u016fzn\u00fdch instituc\u00edch. P\u0159\u00edklady na\u0161\u00ed pr\u00e1ce jsou: Hotel BOBY Brno, Hotel International Brno, Hotel Slovan Brno, televizn\u00ed a video okruhy v budov\u00e1ch Parlamentu \u010cR v Praze, televizn\u00ed ant\u00e9ny ve V\u011bznici Vina\u0159ice, d\u00e1le prov\u00e1d\u00edme \u00fadr\u017ebu spole\u010dn\u00fdch televizn\u00edch ant\u00e9n pro n\u011bkter\u00e9 m\u011bstsk\u00e9 \u010dasti m\u011bsta Brna, pro ostatn\u00ed spr\u00e1vy nemovitost\u00ed a pro stavebn\u00ed bytov\u00e1 dru\u017estva (v Brn\u011b nap\u0159. Dru\u017eba, M\u00e1j, M\u00edr, Pr\u016fkopn\u00edk).<\/p>\n\n\n\n<p>Od roku 1997 prov\u00e1d\u00edme mont\u00e1\u017en\u00ed pr\u00e1ce pro spole\u010dnost InfoNet, a.s. a pro spole\u010dnost InfoTel, spol. s r. o. v oblasti v\u00fdstavby multifunk\u010dn\u00ed s\u00edt\u011b televizn\u00edch kabelov\u00fdch rozvod\u016f na \u00fazem\u00ed m\u011bsta Brna, od roku 2009 i v jin\u00fdch lokalit\u00e1ch nap\u0159. Blansko, Prost\u011bjov.<\/p>\n\n\n\n<p>D\u00e1le jsme zaji\u0161\u0165ovali instalace a o\u017eivov\u00e1n\u00ed pasivn\u00edch i aktivn\u00edch komponent\u016f na kabelov\u00e9 s\u00edti v letech 2003-2008, tzv. upgrade s\u00edt\u00ed TKR v Brn\u011b, Ostrav\u011b, Olomouci, Uhersk\u00e9m Hradi\u0161ti, Zl\u00edn\u011b, Vy\u0161kov\u011b, T\u0159eb\u00ed\u010di a Hodon\u00edn\u011b.<\/p>\n\n\n\n<p>Od roku 2008 se tak\u00e9 v\u011bnujeme mont\u00e1\u017e\u00edm syst\u00e9m\u016f SDH, FDDH, FTTH a mont\u00e1\u017e\u00edm optick\u00fdch s\u00edt\u00ed na cel\u00e9m \u00fazem\u00ed \u010cR i v zahrani\u010d\u00ed.<\/p>\n\n\n\n<p>V sou\u010dasn\u00e9 dob\u011b, mimo prac\u00ed v oblasti TV, DVB-T a SAT p\u0159\u00edjmu, prov\u00e1d\u00edme jako subdodavatel\u00e9 mont\u00e1\u017en\u00ed a instala\u010dn\u00ed pr\u00e1ce na s\u00edt\u00edch TKR, syst\u00e9mech SDH, FDDH, FTTH a na optick\u00fdch s\u00edt\u00edch na cel\u00e9m \u00fazem\u00ed \u010cesk\u00e9 republiky a v zahrani\u010d\u00ed nap\u0159. na Slovensku, v posledn\u00ed dob\u011b tak\u00e9 v N\u011bmecku.<\/p>\n\n\n\n<p>V roce jsme 2010 svoji \u010dinnost roz\u0161\u00ed\u0159ili o prov\u00e1d\u011bn\u00ed reviz\u00ed vyhrazen\u00fdch elektrick\u00fdch za\u0159\u00edzen\u00ed a hromosvod\u016f.<\/p>\n\n\n\n<p>Za bezm\u00e1la 30 let p\u016fsoben\u00ed firmy na \u010desk\u00e9m trhu, jsme v oboru telekomunikac\u00ed z\u00edskali zna\u010dn\u00e9 zku\u0161enosti, zam\u011bstnanci jsou pravideln\u011b pro\u0161kolov\u00e1ni a seznamov\u00e1ni s nov\u00fdmi technologiemi a mont\u00e1\u017en\u00edmi postupy v oboru.<\/p>\n\n\n\n<div class=\"wp-block-buttons is-layout-flex wp-block-buttons-is-layout-flex\">\n<div class=\"wp-block-button\"><a class=\"wp-block-button__link wp-element-button\" href=\"http:\/\/lygre.kvalitne.cz\/poptavka\/\">Kontaktujte n\u00e1s<\/a><\/div>\n<\/div>\n","protected":false},"excerpt":{"rendered":"<p>P\u0159es 30 let v \u010dele odv\u011btv\u00ed &#8211; Zku\u0161enost, na kterou se m\u016f\u017eete spolehnout Firma LYGRE, spol. s r. o. byla zalo\u017eena v roce 1991. Po celou dobu sv\u00e9 \u010dinnosti se v\u011bnuje problematice televizn\u00edho a satelitn\u00edho p\u0159\u00edjmu na v\u0161ech \u00farovn\u00edch. Prov\u00e1d\u00edme instalace v rodinn\u00fdch i n\u00e1jemn\u00edch domech, v hotel\u00edch a r\u016fzn\u00fdch instituc\u00edch. P\u0159\u00edklady na\u0161\u00ed pr\u00e1ce jsou: [&hellip;]<\/p>\n","protected":false},"author":1,"featured_media":7,"parent":0,"menu_order":0,"comment_status":"closed","ping_status":"closed","template":"","meta":{"footnotes":""},"class_list":["post-28","page","type-page","status-publish","has-post-thumbnail","hentry"],"_links":{"self":[{"href":"https:\/\/www.lygre.cz\/index.php?rest_route=\/wp\/v2\/pages\/28","targetHints":{"allow":["GET"]}}],"collection":[{"href":"https:\/\/www.lygre.cz\/index.php?rest_route=\/wp\/v2\/pages"}],"about":[{"href":"https:\/\/www.lygre.cz\/index.php?rest_route=\/wp\/v2\/types\/page"}],"author":[{"embeddable":true,"href":"https:\/\/www.lygre.cz\/index.php?rest_route=\/wp\/v2\/users\/1"}],"replies":[{"embeddable":true,"href":"https:\/\/www.lygre.cz\/index.php?rest_route=%2Fwp%2Fv2%2Fcomments&post=28"}],"version-history":[{"count":0,"href":"https:\/\/www.lygre.cz\/index.php?rest_route=\/wp\/v2\/pages\/28\/revisions"}],"wp:featuredmedia":[{"embeddable":true,"href":"https:\/\/www.lygre.cz\/index.php?rest_route=\/"}],"wp:attachment":[{"href":"https:\/\/www.lygre.cz\/index.php?rest_route=%2Fwp%2Fv2%2Fmedia&parent=28"}],"curies":[{"name":"wp","href":"https:\/\/api.w.org\/{rel}","templated":true}]}}