{"id":99,"date":"2024-03-08T16:16:06","date_gmt":"2024-03-08T16:16:06","guid":{"rendered":"http:\/\/localhost\/wordpress\/?page_id=99"},"modified":"2024-03-13T17:54:09","modified_gmt":"2024-03-13T17:54:09","slug":"optic","status":"publish","type":"page","link":"https:\/\/www.lygre.cz\/?page_id=99","title":{"rendered":"OPTICK\u00c9 S\u00cdT\u011a"},"content":{"rendered":"\n<h2 class=\"wp-block-heading\">Prov\u00e1d\u00edme:<\/h2>\n\n\n\n<p><\/p>\n\n\n\n<ul class=\"wp-block-list\">\n<li>Pokl\u00e1dka&nbsp; a instalace trubek HDPE do v\u00fdkopu a podvrt\u016f, instalace HDPE do mostn\u00edch konstrukc\u00ed. Trasov\u00e1n\u00ed&nbsp; HDPE a mikrotrubi\u010dek v&nbsp;objektech, &nbsp;&nbsp;teplovodn\u00edch kan\u00e1lech, kabelovodech a kolektorech<\/li>\n\n\n\n<li>Pokl\u00e1dka&nbsp; a instalace trubek HDPE do v\u00fdkopu a podvrt\u016f, instalace HDPE do mostn\u00edch konstrukc\u00ed. Trasov\u00e1n\u00ed&nbsp; HDPE a mikrotrubi\u010dek v&nbsp;objektech, &nbsp;&nbsp;teplovodn\u00edch kan\u00e1lech, kabelovodech a kolektorech<\/li>\n\n\n\n<li>Z\u00e1fuk optick\u00fdch kabel\u016f, mikrokabel\u016f do trubek HDPE v\u010detn\u011b kalibrace, tlakov\u00e9 zkou\u0161ky a d\u00e1le p\u0159\u00edfuk optick\u00fdch kabel\u016f<\/li>\n\n\n\n<li>&nbsp;Z\u00e1fuk svazk\u016f mikrotrubi\u010dek do HDPE 10 x 7mm, 5 x 10mm a kombinace trubi\u010dek<\/li>\n\n\n\n<li>Vyhotoven\u00ed protokol\u016f k&nbsp;proveden\u00e9 kalibra\u010dn\u00ed a tlakov\u00e9 zkou\u0161ce<\/li>\n\n\n\n<li>Sva\u0159ov\u00e1n\u00ed optick\u00fdch vl\u00e1ken SM a MM optickou sv\u00e1\u0159e\u010dkou Fujikura FSM-60S<\/li>\n\n\n\n<li>M\u011b\u0159en\u00ed parametr\u016f optick\u00fdch tras p\u0159\u00edmou metodou a OTDR, m\u011b\u0159en\u00ed chromatick\u00e9 disperze a PMD, vypracov\u00e1n\u00ed m\u011b\u0159\u00edc\u00edch protokol\u016f<\/li>\n\n\n\n<li>Mont\u00e1\u017e nov\u00fdch i st\u00e1vaj\u00edc\u00edch optick\u00fdch spojek a optick\u00fdch rozvad\u011b\u010d\u016f<\/li>\n\n\n\n<li>Instalace optick\u00fdch kabel\u016f v&nbsp;budov\u00e1ch<\/li>\n\n\n\n<li>Instalace nadzemn\u00edch z\u00e1v\u011bsn\u00fdch optick\u00fdch tras na sloupy DP a VO<\/li>\n\n\n\n<li>N\u00e1vrh a realizace optick\u00fdch s\u00edt\u00ed &nbsp;na kl\u00ed\u010d, vyhotoven\u00ed projektov\u00e9 dokumentace, &nbsp;dod\u00e1vka materi\u00e1lu, v\u00fdstavba s\u00edt\u011b a zhotoven\u00ed dokumentace skute\u010dn\u00e9ho proveden\u00ed<\/li>\n\n\n\n<li>P\u0159ekl\u00e1dky optick\u00fdch kabel\u016f a servis st\u00e1vaj\u00edc\u00edch optick\u00fdch s\u00edt\u00ed<\/li>\n<\/ul>\n\n\n\n<div class=\"wp-block-buttons is-layout-flex wp-block-buttons-is-layout-flex\">\n<div class=\"wp-block-button\"><a class=\"wp-block-button__link wp-element-button\" href=\"https:\/\/www.lygre.cz\/?page_id=328\">Popt\u00e1vka optick\u00fdch s\u00edt\u00ed<\/a><\/div>\n<\/div>\n","protected":false},"excerpt":{"rendered":"<p>Prov\u00e1d\u00edme:<\/p>\n","protected":false},"author":1,"featured_media":0,"parent":0,"menu_order":0,"comment_status":"closed","ping_status":"closed","template":"wp-custom-template-optick","meta":{"footnotes":""},"class_list":["post-99","page","type-page","status-publish","hentry"],"_links":{"self":[{"href":"https:\/\/www.lygre.cz\/index.php?rest_route=\/wp\/v2\/pages\/99","targetHints":{"allow":["GET"]}}],"collection":[{"href":"https:\/\/www.lygre.cz\/index.php?rest_route=\/wp\/v2\/pages"}],"about":[{"href":"https:\/\/www.lygre.cz\/index.php?rest_route=\/wp\/v2\/types\/page"}],"author":[{"embeddable":true,"href":"https:\/\/www.lygre.cz\/index.php?rest_route=\/wp\/v2\/users\/1"}],"replies":[{"embeddable":true,"href":"https:\/\/www.lygre.cz\/index.php?rest_route=%2Fwp%2Fv2%2Fcomments&post=99"}],"version-history":[{"count":1,"href":"https:\/\/www.lygre.cz\/index.php?rest_route=\/wp\/v2\/pages\/99\/revisions"}],"predecessor-version":[{"id":479,"href":"https:\/\/www.lygre.cz\/index.php?rest_route=\/wp\/v2\/pages\/99\/revisions\/479"}],"wp:attachment":[{"href":"https:\/\/www.lygre.cz\/index.php?rest_route=%2Fwp%2Fv2%2Fmedia&parent=99"}],"curies":[{"name":"wp","href":"https:\/\/api.w.org\/{rel}","templated":true}]}}